
8
Suppose 7*l = -27*l. Suppose l = 59*o - 64*o + 175. What is the remainder when o is divided by 19?
16
Let h(j) = j**2 + 5*j + 54. Suppose b + 0*g - 4*g = -7, -b - 4*g - 7 = 0. What is the remainder when 338 is divided by h(b)?
66
Let o = 127 - 56. Let y(j) = -j + 11. Let u be y(9). Suppose -3*a - 4*s + 69 = 0, -u*s - 92 = -5*a - s. What is the remainder when o is divided by a?
14
Suppose -2*o = -o - 207. Suppose 2*j = 2*r + 80, -2787 = j - 2*r - 2825. What is the remainder when o is divided by j?
39
Suppose -19*x + 1770 = 9*x - 13*x. What is the remainder when 348 is divided by x?
112
Suppose -5*j - 5 = 0, -5*g + 1739 = -5*j + 6*j. Suppose -2*i + g = 216. What is the remainder when i is divided by 17?
15
Let n be 2 - 4/(16/(-12)). Suppose 13 = n*m - 77. Calculate the remainder when m is divided by 2/(-24) - (-194)/24.
2
Let n = 273193 - 272865. Suppose -3*w + 117 = r + 19, r + 4*w - 103 = 0. Calculate the remainder when n is divided by r.
79
Let a(m) = 10*m + 1706. Calculate the remainder when a(-123) is divided by 170.
136
Let q = 3042 - 2128. Let t = q + -887. Calculate the remainder when 106 is divided by t.
25
Let i be (-17)/(-3)*(106 + -28). Suppose -6*h = 46 - i. Calculate the remainder when 194 is divided by h.
62
Suppose 0 = -2*d + 2*p, 3*d + 18*p = 13*p + 16. Calculate the remainder when (2*-1*d)/((-20)/1420) is divided by 27.
14
Let j(h) = -410*h - 48741. Suppose 0 = -2*f + 8, 14 = 3*o + 4*f - 32. What is the remainder when j(-119) is divided by o?
9
Suppose 0 = 5*j - 5, 2*y - 273 = -3*j + 146. Calculate the remainder when y is divided by 68.
4
Let o(p) = -9*p + 6. Let t be o(-11). Suppose 2*d + 5*u - 119 = -d, 3*d - t = 9*u. Calculate the remainder when 148 is divided by d.
34
Let v be 5 - 3 - (2 - 4). Let t = -773 + 918. Let f = v + t. Calculate the remainder when f is divided by 25.
24
Suppose -3*c + 24 + 1 = 2*r, -3*r - 4*c + 35 = 0. Calculate the remainder when (-1*(-6)/12*212)/2 is divided by r.
3
Let r = 5 + 2. Let q(j) = 552*j - 3685. What is the remainder when q(7) is divided by r?
4
Suppose -268*y = d - 263*y - 47, 0 = d - 2*y + 2. Calculate the remainder when 83 is divided by d.
11
Let f = 308 + 86. Calculate the remainder when f is divided by 21.
16
Let t be (-108)/(-3 - 3) + 2 + -2. What is the remainder when 58/t + -3 - (-7818)/54 is divided by 30?
25
Let f(s) = -s**2 - 17*s + 15. Let a = 58 + -75. What is the remainder when 734 is divided by f(a)?
14
Suppose 2*u - 4*m = 204, -7*m - 15 = -4*m. Calculate the remainder when 1931 is divided by u.
91
Suppose 3*q + 585 = z, -1763 = 1295*z - 1298*z + q. Calculate the remainder when z is divided by 204.
180
Let c = 388 + -312. Suppose c = -o + 108. What is the remainder when o is divided by 3?
2
Let t(j) = j**2 + 3*j - 22. Let i be t(6). Suppose -i*n = 1101 - 3181. Calculate the remainder when n is divided by 21.
2
Let g(h) be the third derivative of -h**4/24 + 53*h**3/6 - h**2 - 3. What is the remainder when g(-37) is divided by 50?
40
Suppose -2809 = -42*d - 4*d + 6345. Calculate the remainder when d is divided by 13.
4
Suppose -21001 + 1462 = -167*z. What is the remainder when z is divided by 37?
6
Let v = -565 + 553. Let q = 18 + -10. What is the remainder when (6 + 546/v)*(-2)/1 is divided by q?
7
Let g be (-2*66/24)/((-1)/14). Suppose 0 = 5*x - 233 - g. What is the remainder when x is divided by 13?
10
Let i = 327 - 140. Let s = 242 - i. Calculate the remainder when 219 is divided by s.
54
Suppose -34*k + 75*k - 210 = 282. Let t(n) = 2*n**2 - 9*n + 5. Calculate the remainder when t(6) is divided by k.
11
Suppose -4*q + 13958 = -3*u, -61*u + 58*u = -5*q + 17446. Calculate the remainder when q is divided by 97.
93
Calculate the remainder when 0 + (8 - 0) - -80 is divided by 42.
4
Let y(x) = 6*x**3 - 5*x**2 + 17*x + 4. What is the remainder when 807 is divided by y(2)?
15
Suppose -64 = 456*b - 472*b. Let z = 18 - 3. Calculate the remainder when z is divided by b.
3
Let s(l) = 54*l + 9141. What is the remainder when s(86) is divided by 4595?
0
Suppose 0 = 5*p - 208 + 128. Let q(h) = -h**3 + 8*h**2 + 9*h + 7. Calculate the remainder when q(8) is divided by p.
15
Suppose -13*x - 10 = -18*x. Let v be 4/2*((-93)/x)/(-3). Suppose 0 = 4*z - 45 - v. Calculate the remainder when 50 is divided by z.
12
Suppose 6*x - 8*x = -7*x + 490. Suppose -5*u = 6 - 1. Calculate the remainder when x is divided by 0 - 2 - 13/u.
10
Suppose -132 = -13*u - 2. Suppose 16 = 3*b + 43. Let c(d) = -4*d + 41. What is the remainder when c(b) is divided by u?
7
Suppose -8 = 2*z, 2*o - 5*z = -0*z + 38. Suppose -o = 4*x + 3, -3*w + 33 = -4*x. Calculate the remainder when w is divided by 7.
0
Suppose -2*a = -4*a + 368. Suppose 2*y = -4*y + 282. Calculate the remainder when a is divided by y.
43
Suppose -5*l = -4*c - 795, -7*l + 5*l + 4*c = -318. Let s = 5 + -20. Let g = 35 + s. Calculate the remainder when l is divided by g.
19
Let g = -124 - -212. Suppose 0 = -3*u + 3*y + 27, 46 = 5*u + 2*y - 6*y. Calculate the remainder when g is divided by u.
8
Suppose -22*p - 79*p + 13*p + 38368 = 0. What is the remainder when p is divided by 111?
103
Suppose -4*q - 26 = -2*z + 48, -77 = 4*q - z. Let n(m) = m**2 + 21*m + 32. What is the remainder when 88 is divided by n(q)?
4
Suppose 4*d + 11*c - 15*c - 396 = 0, -5*c - 35 = 0. What is the remainder when 10762 is divided by d?
90
Suppose -134 = -15*o + 766. Calculate the remainder when 61 is divided by (132/165)/(2 - 117/o).
13
Let d = -7383 - -14675. What is the remainder when d is divided by 39?
38
Let y be (1/1)/(1/16). Suppose 11*j - 14*j + s = -31, -4*j + 3*s = -38. Calculate the remainder when 24*-2*(-6)/y is divided by j.
7
Let w = -353 + 625. Let v = 40 + -29. Calculate the remainder when 132 is divided by w/6 + v/(-33).
42
Suppose -k - 3*o - 3706 = -6*k, 0 = -4*o - 8. Suppose -5*i + x = -k, 3*i - 23*x - 437 = -21*x. Calculate the remainder when i is divided by 17.
13
Suppose -129 + 33 = -c + g, 288 = 3*c + 4*g. What is the remainder when 319 is divided by c?
31
Let n(z) = 82 + 5*z**3 + z**2 + z + 30 - 4*z**3. Suppose 26*v - 30*v + 116 = 0. Calculate the remainder when n(0) is divided by v.
25
Let d(v) = -v**2 - 11*v - 12. Let w = 2688 + -2603. What is the remainder when w is divided by d(-7)?
5
Suppose 0 = -4*v, -7*y - 6*v + 9513 = -7*v. What is the remainder when y is divided by 136?
135
Let k = 665 - 619. Calculate the remainder when ((-222)/(-5))/(-5 + 318/60) is divided by k.
10
Suppose 2*p + u = 73, 0 = 2*p + 3*u - 214 + 123. Calculate the remainder when 1209 is divided by p.
25
Let w(l) = -l + 32. Suppose 5*t + 55*f - 60*f = -35, 4*t + 4*f = -4. Let j(d) = -5*d - 9. Calculate the remainder when w(t) is divided by j(-6).
15
Suppose -4*w + 3*x = -17, 3*x = -4*w + 4 - 5. Suppose -w*v - 2*i - 314 = -4*v, -i - 469 = -3*v. Calculate the remainder when v is divided by 34.
20
What is the remainder when 0/6 + -5 + (-3848)/(-4) is divided by 3?
0
Let l be (12/6 - 3)/(2/(-14)). Let c = 58 + -28. What is the remainder when c is divided by (42/l)/3 - -2?
2
Let z = 74 - 71. Suppose 16 = 4*t, 5 = q - z*t - 25. What is the remainder when 164 is divided by q?
38
Let z(c) = 255*c - 5980. What is the remainder when z(37) is divided by 345?
5
Let w(k) = -41*k - 400. What is the remainder when 1746 is divided by w(-12)?
90
Suppose -x - 128 = -2*s, 3*s - 5*x - 128 = s. Suppose -103 - 33 = -5*d + 2*g, -s = -2*d - 4*g. What is the remainder when d is divided by 10?
8
Suppose -2*j = -3*f + 29, -2*f - 6*j + 2*j + 46 = 0. What is the remainder when 2/29 - 11/(4147/(-24102)) is divided by f?
12
Let r(m) = -m**3 - 177*m**2 - 1025*m + 256. What is the remainder when 5267 is divided by r(-171)?
82
Suppose -3*y = -4*b + 228 - 199, 3*y - 19 = -2*b. Calculate the remainder when 2766 is divided by b.
6
Let i = -14818 + 15674. Calculate the remainder when i is divided by 51.
40
Suppose 3*l = 4*l - 4. Calculate the remainder when (-1314)/l*(-116)/522 is divided by 13.
8
Let u(m) = 7*m - 24. Let o be u(12). Suppose 4*k = 16*k - o. Suppose -2*j - k*r + 6*r = -208, 4*r = -5*j + 520. What is the remainder when j is divided by 35?
34
Suppose 1119 = -520*b + 15679. What is the remainder when 3498 is divided by b?
26
Let v = 7417 + -7213. What is the remainder when 571 is divided by v?
163
Let j 